{"id":6362,"date":"2024-11-15T12:39:19","date_gmt":"2024-11-15T11:39:19","guid":{"rendered":"https:\/\/www.demenzkongress.com\/referenten-aerzte-2025\/slaven-stekovic\/"},"modified":"2025-02-18T14:46:56","modified_gmt":"2025-02-18T13:46:56","slug":"slaven-stekovic","status":"publish","type":"page","link":"https:\/\/www.demenzkongress.com\/sl\/referenten-aerzte-2025\/slaven-stekovic\/","title":{"rendered":"Slaven Stekovic"},"content":{"rendered":"<div class=\"bt_rc_container\"><section id=\"bt_section69f4dbe49c866\" data-parallax=\"0.1\" data-parallax-offset=\"0\" class=\"boldSection topExtraSpaced bottomSpaced btDarkSkin gutter btBottomVertical btParallax wBackground cover\" style=\"background-image:url('https:\/\/www.demenzkongress.com\/wp-content\/uploads\/2024\/11\/Alpen-Adria-Demenzkongress-2025-Weiterbildungen-Pflege-Aerzte.jpg');\"><div class=\"port\"><div class=\"boldCell\"><div class=\"boldCellInner\"><div class=\"boldRow \" ><div class=\"boldRowInner\"><div class=\"rowItem col-md-12 col-ms-12  btTextLeft inherit\"  data-width=\"12\"><div class=\"rowItemContent\" ><header class=\"header btClear large btDash bottomDash\" ><div class=\"btSuperTitle\">CONGRESS CENTER VILLACH<\/div><div class=\"dash\"><h2><span class=\"headline\"><b class=\"animate\">2<\/b> dni \/ <b class=\"animate\">21<\/b> predavanj \/ <b class=\"animate\">8<\/b> delavnic\r<br>Vrhunski govorci s podro\u010dja medicine,\r<br>nege in dru\u017ebe<\/span><\/h2><\/div><div class=\"btSubTitle\">28. in 29. marec 2025<\/div><\/header><\/div><\/div><\/div><\/div><\/div><\/div><\/div><\/section><section id=\"bt_section69f4dbe49ce00\"  class=\"boldSection topSpaced bottomSpaced gutter inherit\" ><div class=\"port\"><div class=\"boldCell\"><div class=\"boldCellInner\"><div class=\"boldRow \" ><div class=\"boldRowInner\"><div class=\"rowItem col-md-2  col-sm-4 col-ms-12 btTextLeft animate animate-fadein inherit\"  data-width=\"2\"><div class=\"rowItemContent\" ><div class=\"btIconImageRow\" ><div class=\"bpgPhoto  btCircleImage\" ><div class=\"btImage\"><img decoding=\"async\" src=\"https:\/\/www.demenzkongress.com\/wp-content\/uploads\/2024\/11\/Stekovic-Slaven_Demezkongress-320x320.jpg\" alt=\"https:\/\/www.demenzkongress.com\/wp-content\/uploads\/2024\/11\/Stekovic-Slaven_Demezkongress-320x320.jpg\"><\/div><\/div><\/div><\/div><\/div><div class=\"rowItem col-md-8 col-ms-12 btTextLeft inherit\"  data-width=\"8\"><div class=\"rowItemContent\" ><header class=\"header btClear extralarge btDash bottomDash\" ><div class=\"dash\"><h1><span class=\"headline\">Slaven <b class=\"animate\">Stekovic<\/b><\/span><\/h1><\/div><div class=\"btSubTitle\">Molekularni biolog in podjetnik na podro\u010dju dolgo\u017eivosti, staranja in s starostjo povezanih bolezni.<\/div><\/header><div class=\"btClear btSeparator topSmallSpaced noBorder\" ><hr><\/div><header class=\"header btClear small btDash bottomDash\" ><div class=\"dash\"><h4><span class=\"headline\">Biografija<\/span><\/h4><\/div><\/header><div class=\"btText\" ><p data-start=\"0\" data-end=\"325\">Dr. Slaven Stekovic je <strong data-start=\"23\" data-end=\"58\">molekularni biolog in podjetnik<\/strong> na podro\u010dju dolgo\u017eivosti, staranja in s starostjo povezanih bolezni. Raziskoval je na <strong data-start=\"145\" data-end=\"180\">Univerzi Karl-Franzens v Gradcu<\/strong>, leta 2018 pa je napisal <strong data-start=\"206\" data-end=\"243\">bestseller \u00bbDer Jungzelleneffekt\u00ab<\/strong>, v katerem je raziskal vplive avtofagije in ob\u010dasnega posta na proces staranja.<\/p>\n<p data-start=\"327\" data-end=\"616\">Kot eden vodilnih mladih strokovnjakov na tem podro\u010dju je prejel \u0161tevilne nagrade in bil uvr\u0161\u010den na <strong data-start=\"427\" data-end=\"461\">Forbesovo lestvico 30-under-30<\/strong>. Predava na ve\u010d evropskih univerzah, med drugim tudi v <strong data-start=\"517\" data-end=\"530\">Cambridgu<\/strong>, in se osredoto\u010da na <strong data-start=\"552\" data-end=\"613\">uporabo znanstvenih odkritij in novih tehnologij v praksi<\/strong>.<\/p>\n<p data-start=\"618\" data-end=\"824\" data-is-last-node=\"\">Njegova dela vklju\u010dujejo tudi knjigo <strong data-start=\"655\" data-end=\"736\">\u00bbLebensmotor Bewegung. Die Wissenschaft erkl\u00e4rt den K\u00f6rper-Code des Menschen\u00ab<\/strong> (2022), ki jo je napisal skupaj z Ernstom Minarjem in je iz\u0161la pri zalo\u017ebi Ueberreuter.<\/p>\n<\/div><\/div><\/div><div class=\"rowItem col-md-2  col-sm-4 col-ms-12 btTextLeft animate animate-fadein animate-moveup inherit\"  data-width=\"2\"><div class=\"rowItemContent\" ><\/div><\/div><\/div><\/div><\/div><\/div><\/div><\/section><\/div>","protected":false},"excerpt":{"rendered":"","protected":false},"author":7,"featured_media":0,"parent":6279,"menu_order":0,"comment_status":"closed","ping_status":"closed","template":"","meta":{"footnotes":""},"class_list":["post-6362","page","type-page","status-publish","hentry"],"yoast_head":"<!-- This site is optimized with the Yoast SEO plugin v26.8 - https:\/\/yoast.com\/product\/yoast-seo-wordpress\/ -->\n<title>Slaven Stekovic - Alpen Adria Demenzkongress<\/title>\n<meta name=\"robots\" content=\"index, follow, max-snippet:-1, max-image-preview:large, max-video-preview:-1\" \/>\n<link rel=\"canonical\" href=\"https:\/\/www.demenzkongress.com\/sl\/referenten-aerzte-2025\/slaven-stekovic\/\" \/>\n<meta property=\"og:locale\" content=\"sl_SI\" \/>\n<meta property=\"og:type\" content=\"article\" \/>\n<meta property=\"og:title\" content=\"Slaven Stekovic - Alpen Adria Demenzkongress\" \/>\n<meta property=\"og:url\" content=\"https:\/\/www.demenzkongress.com\/sl\/referenten-aerzte-2025\/slaven-stekovic\/\" \/>\n<meta property=\"og:site_name\" content=\"Alpen Adria Demenzkongress\" \/>\n<meta property=\"article:modified_time\" content=\"2025-02-18T13:46:56+00:00\" \/>\n<meta name=\"twitter:card\" content=\"summary_large_image\" \/>\n<meta name=\"twitter:label1\" content=\"Est. reading time\" \/>\n\t<meta name=\"twitter:data1\" content=\"2 minuti\" \/>\n<script type=\"application\/ld+json\" class=\"yoast-schema-graph\">{\"@context\":\"https:\/\/schema.org\",\"@graph\":[{\"@type\":\"WebPage\",\"@id\":\"https:\/\/www.demenzkongress.com\/sl\/referenten-aerzte-2025\/slaven-stekovic\/\",\"url\":\"https:\/\/www.demenzkongress.com\/sl\/referenten-aerzte-2025\/slaven-stekovic\/\",\"name\":\"Slaven Stekovic - Alpen Adria Demenzkongress\",\"isPartOf\":{\"@id\":\"https:\/\/www.demenzkongress.com\/sl\/#website\"},\"datePublished\":\"2024-11-15T11:39:19+00:00\",\"dateModified\":\"2025-02-18T13:46:56+00:00\",\"breadcrumb\":{\"@id\":\"https:\/\/www.demenzkongress.com\/sl\/referenten-aerzte-2025\/slaven-stekovic\/#breadcrumb\"},\"inLanguage\":\"sl-SI\",\"potentialAction\":[{\"@type\":\"ReadAction\",\"target\":[\"https:\/\/www.demenzkongress.com\/sl\/referenten-aerzte-2025\/slaven-stekovic\/\"]}]},{\"@type\":\"BreadcrumbList\",\"@id\":\"https:\/\/www.demenzkongress.com\/sl\/referenten-aerzte-2025\/slaven-stekovic\/#breadcrumb\",\"itemListElement\":[{\"@type\":\"ListItem\",\"position\":1,\"name\":\"Home\",\"item\":\"https:\/\/www.demenzkongress.com\/sl\/\"},{\"@type\":\"ListItem\",\"position\":2,\"name\":\"Predavatelji \u2013 zdravniki\",\"item\":\"https:\/\/www.demenzkongress.com\/sl\/referenten-aerzte-2025\/\"},{\"@type\":\"ListItem\",\"position\":3,\"name\":\"Slaven Stekovic\"}]},{\"@type\":\"WebSite\",\"@id\":\"https:\/\/www.demenzkongress.com\/sl\/#website\",\"url\":\"https:\/\/www.demenzkongress.com\/sl\/\",\"name\":\"Alpen Adria Demenzkongress\",\"description\":\"\",\"publisher\":{\"@id\":\"https:\/\/www.demenzkongress.com\/sl\/#organization\"},\"potentialAction\":[{\"@type\":\"SearchAction\",\"target\":{\"@type\":\"EntryPoint\",\"urlTemplate\":\"https:\/\/www.demenzkongress.com\/sl\/?s={search_term_string}\"},\"query-input\":{\"@type\":\"PropertyValueSpecification\",\"valueRequired\":true,\"valueName\":\"search_term_string\"}}],\"inLanguage\":\"sl-SI\"},{\"@type\":\"Organization\",\"@id\":\"https:\/\/www.demenzkongress.com\/sl\/#organization\",\"name\":\"Alpen Adria Demenkongress\",\"url\":\"https:\/\/www.demenzkongress.com\/sl\/\",\"logo\":{\"@type\":\"ImageObject\",\"inLanguage\":\"sl-SI\",\"@id\":\"https:\/\/www.demenzkongress.com\/sl\/#\/schema\/logo\/image\/\",\"url\":\"https:\/\/www.demenzkongress.com\/wp-content\/uploads\/2018\/07\/tickera_logo.png\",\"contentUrl\":\"https:\/\/www.demenzkongress.com\/wp-content\/uploads\/2018\/07\/tickera_logo.png\",\"width\":392,\"height\":88,\"caption\":\"Alpen Adria Demenkongress\"},\"image\":{\"@id\":\"https:\/\/www.demenzkongress.com\/sl\/#\/schema\/logo\/image\/\"}}]}<\/script>\n<!-- \/ Yoast SEO plugin. -->","yoast_head_json":{"title":"Slaven Stekovic - Alpen Adria Demenzkongress","robots":{"index":"index","follow":"follow","max-snippet":"max-snippet:-1","max-image-preview":"max-image-preview:large","max-video-preview":"max-video-preview:-1"},"canonical":"https:\/\/www.demenzkongress.com\/sl\/referenten-aerzte-2025\/slaven-stekovic\/","og_locale":"sl_SI","og_type":"article","og_title":"Slaven Stekovic - Alpen Adria Demenzkongress","og_url":"https:\/\/www.demenzkongress.com\/sl\/referenten-aerzte-2025\/slaven-stekovic\/","og_site_name":"Alpen Adria Demenzkongress","article_modified_time":"2025-02-18T13:46:56+00:00","twitter_card":"summary_large_image","twitter_misc":{"Est. reading time":"2 minuti"},"schema":{"@context":"https:\/\/schema.org","@graph":[{"@type":"WebPage","@id":"https:\/\/www.demenzkongress.com\/sl\/referenten-aerzte-2025\/slaven-stekovic\/","url":"https:\/\/www.demenzkongress.com\/sl\/referenten-aerzte-2025\/slaven-stekovic\/","name":"Slaven Stekovic - Alpen Adria Demenzkongress","isPartOf":{"@id":"https:\/\/www.demenzkongress.com\/sl\/#website"},"datePublished":"2024-11-15T11:39:19+00:00","dateModified":"2025-02-18T13:46:56+00:00","breadcrumb":{"@id":"https:\/\/www.demenzkongress.com\/sl\/referenten-aerzte-2025\/slaven-stekovic\/#breadcrumb"},"inLanguage":"sl-SI","potentialAction":[{"@type":"ReadAction","target":["https:\/\/www.demenzkongress.com\/sl\/referenten-aerzte-2025\/slaven-stekovic\/"]}]},{"@type":"BreadcrumbList","@id":"https:\/\/www.demenzkongress.com\/sl\/referenten-aerzte-2025\/slaven-stekovic\/#breadcrumb","itemListElement":[{"@type":"ListItem","position":1,"name":"Home","item":"https:\/\/www.demenzkongress.com\/sl\/"},{"@type":"ListItem","position":2,"name":"Predavatelji \u2013 zdravniki","item":"https:\/\/www.demenzkongress.com\/sl\/referenten-aerzte-2025\/"},{"@type":"ListItem","position":3,"name":"Slaven Stekovic"}]},{"@type":"WebSite","@id":"https:\/\/www.demenzkongress.com\/sl\/#website","url":"https:\/\/www.demenzkongress.com\/sl\/","name":"Alpen Adria Demenzkongress","description":"","publisher":{"@id":"https:\/\/www.demenzkongress.com\/sl\/#organization"},"potentialAction":[{"@type":"SearchAction","target":{"@type":"EntryPoint","urlTemplate":"https:\/\/www.demenzkongress.com\/sl\/?s={search_term_string}"},"query-input":{"@type":"PropertyValueSpecification","valueRequired":true,"valueName":"search_term_string"}}],"inLanguage":"sl-SI"},{"@type":"Organization","@id":"https:\/\/www.demenzkongress.com\/sl\/#organization","name":"Alpen Adria Demenkongress","url":"https:\/\/www.demenzkongress.com\/sl\/","logo":{"@type":"ImageObject","inLanguage":"sl-SI","@id":"https:\/\/www.demenzkongress.com\/sl\/#\/schema\/logo\/image\/","url":"https:\/\/www.demenzkongress.com\/wp-content\/uploads\/2018\/07\/tickera_logo.png","contentUrl":"https:\/\/www.demenzkongress.com\/wp-content\/uploads\/2018\/07\/tickera_logo.png","width":392,"height":88,"caption":"Alpen Adria Demenkongress"},"image":{"@id":"https:\/\/www.demenzkongress.com\/sl\/#\/schema\/logo\/image\/"}}]}},"_links":{"self":[{"href":"https:\/\/www.demenzkongress.com\/sl\/wp-json\/wp\/v2\/pages\/6362","targetHints":{"allow":["GET"]}}],"collection":[{"href":"https:\/\/www.demenzkongress.com\/sl\/wp-json\/wp\/v2\/pages"}],"about":[{"href":"https:\/\/www.demenzkongress.com\/sl\/wp-json\/wp\/v2\/types\/page"}],"author":[{"embeddable":true,"href":"https:\/\/www.demenzkongress.com\/sl\/wp-json\/wp\/v2\/users\/7"}],"replies":[{"embeddable":true,"href":"https:\/\/www.demenzkongress.com\/sl\/wp-json\/wp\/v2\/comments?post=6362"}],"version-history":[{"count":2,"href":"https:\/\/www.demenzkongress.com\/sl\/wp-json\/wp\/v2\/pages\/6362\/revisions"}],"predecessor-version":[{"id":6376,"href":"https:\/\/www.demenzkongress.com\/sl\/wp-json\/wp\/v2\/pages\/6362\/revisions\/6376"}],"up":[{"embeddable":true,"href":"https:\/\/www.demenzkongress.com\/sl\/wp-json\/wp\/v2\/pages\/6279"}],"wp:attachment":[{"href":"https:\/\/www.demenzkongress.com\/sl\/wp-json\/wp\/v2\/media?parent=6362"}],"curies":[{"name":"wp","href":"https:\/\/api.w.org\/{rel}","templated":true}]}}

<div class="bt_rc_container"><section id="bt_section69f4dbe49c866" data-parallax="0.1" data-parallax-offset="0" class="boldSection topExtraSpaced bottomSpaced btDarkSkin gutter btBottomVertical btParallax wBackground cover" style="background-image:url('https://www.demenzkongress.com/wp-content/uploads/2024/11/Alpen-Adria-Demenzkongress-2025-Weiterbildungen-Pflege-Aerzte.jpg');"><div class="port"><div class="boldCell"><div class="boldCellInner"><div class="boldRow " ><div class="boldRowInner"><div class="rowItem col-md-12 col-ms-12  btTextLeft inherit"  data-width="12"><div class="rowItemContent" ><header class="header btClear large btDash bottomDash" ><div class="btSuperTitle">CONGRESS CENTER VILLACH</div><div class="dash"><h2><span class="headline"><b class="animate">2</b> dni / <b class="animate">21</b> predavanj / <b class="animate">8</b> delavnic<br>Vrhunski govorci s področja medicine,<br>nege in družbe</span></h2></div><div class="btSubTitle">28. in 29. marec 2025</div></header></div></div></div></div></div></div></div></section><section id="bt_section69f4dbe49ce00"  class="boldSection topSpaced bottomSpaced gutter inherit" ><div class="port"><div class="boldCell"><div class="boldCellInner"><div class="boldRow " ><div class="boldRowInner"><div class="rowItem col-md-2  col-sm-4 col-ms-12 btTextLeft animate animate-fadein inherit"  data-width="2"><div class="rowItemContent" ><div class="btIconImageRow" ><div class="bpgPhoto  btCircleImage" ><div class="btImage"><img decoding="async" src="https://www.demenzkongress.com/wp-content/uploads/2024/11/Stekovic-Slaven_Demezkongress-320x320.jpg" alt="https://www.demenzkongress.com/wp-content/uploads/2024/11/Stekovic-Slaven_Demezkongress-320x320.jpg"></div></div></div></div></div><div class="rowItem col-md-8 col-ms-12 btTextLeft inherit"  data-width="8"><div class="rowItemContent" ><header class="header btClear extralarge btDash bottomDash" ><div class="dash"><h1><span class="headline">Slaven <b class="animate">Stekovic</b></span></h1></div><div class="btSubTitle">Molekularni biolog in podjetnik na področju dolgoživosti, staranja in s starostjo povezanih bolezni.</div></header><div class="btClear btSeparator topSmallSpaced noBorder" ><hr></div><header class="header btClear small btDash bottomDash" ><div class="dash"><h4><span class="headline">Biografija</span></h4></div></header><div class="btText" ><p data-start="0" data-end="325">Dr. Slaven Stekovic je <strong data-start="23" data-end="58">molekularni biolog in podjetnik</strong> na področju dolgoživosti, staranja in s starostjo povezanih bolezni. Raziskoval je na <strong data-start="145" data-end="180">Univerzi Karl-Franzens v Gradcu</strong>, leta 2018 pa je napisal <strong data-start="206" data-end="243">bestseller »Der Jungzelleneffekt«</strong>, v katerem je raziskal vplive avtofagije in občasnega posta na proces staranja.</p>
<p data-start="327" data-end="616">Kot eden vodilnih mladih strokovnjakov na tem področju je prejel številne nagrade in bil uvrščen na <strong data-start="427" data-end="461">Forbesovo lestvico 30-under-30</strong>. Predava na več evropskih univerzah, med drugim tudi v <strong data-start="517" data-end="530">Cambridgu</strong>, in se osredotoča na <strong data-start="552" data-end="613">uporabo znanstvenih odkritij in novih tehnologij v praksi</strong>.</p>
<p data-start="618" data-end="824" data-is-last-node="">Njegova dela vključujejo tudi knjigo <strong data-start="655" data-end="736">»Lebensmotor Bewegung. Die Wissenschaft erklärt den Körper-Code des Menschen«</strong> (2022), ki jo je napisal skupaj z Ernstom Minarjem in je izšla pri založbi Ueberreuter.</p>
</div></div></div><div class="rowItem col-md-2  col-sm-4 col-ms-12 btTextLeft animate animate-fadein animate-moveup inherit"  data-width="2"><div class="rowItemContent" ></div></div></div></div></div></div></div></section></div>
