{"id":6263,"date":"2024-11-19T12:54:47","date_gmt":"2024-11-19T11:54:47","guid":{"rendered":"https:\/\/www.demenzkongress.com\/referenten-pflege-2025\/franz-schweidler\/"},"modified":"2025-02-17T15:55:49","modified_gmt":"2025-02-17T14:55:49","slug":"franz-schweidler","status":"publish","type":"page","link":"https:\/\/www.demenzkongress.com\/sl\/referenten-pflege-2025\/franz-schweidler\/","title":{"rendered":"Franz Schweidler"},"content":{"rendered":"<div class=\"bt_rc_container\"><section id=\"bt_section69f4d3d30ac8c\" data-parallax=\"0.1\" data-parallax-offset=\"0\" class=\"boldSection topExtraSpaced bottomSpaced btDarkSkin gutter btBottomVertical btParallax wBackground cover\" style=\"background-image:url('https:\/\/www.demenzkongress.com\/wp-content\/uploads\/2024\/11\/Alpen-Adria-Demenzkongress-2025-Weiterbildungen-Pflege-Aerzte.jpg');\"><div class=\"port\"><div class=\"boldCell\"><div class=\"boldCellInner\"><div class=\"boldRow \" ><div class=\"boldRowInner\"><div class=\"rowItem col-md-12 col-ms-12  btTextLeft inherit\"  data-width=\"12\"><div class=\"rowItemContent\" ><header class=\"header btClear large btDash bottomDash\" ><div class=\"btSuperTitle\">CONGRESS CENTER VILLACH<\/div><div class=\"dash\"><h2><span class=\"headline\"><b class=\"animate\">2<\/b> dni \/ <b class=\"animate\">21<\/b> predavanj \/ <b class=\"animate\">8<\/b> delavnic\r<br>Vrhunski govorci s podro\u010dja medicine,\r<br>nege in dru\u017ebe<\/span><\/h2><\/div><div class=\"btSubTitle\">28. in 29. marec 2025<\/div><\/header><\/div><\/div><\/div><\/div><\/div><\/div><\/div><\/section><section id=\"bt_section69f4d3d30b179\"  class=\"boldSection topSpaced bottomSpaced gutter inherit\" ><div class=\"port\"><div class=\"boldCell\"><div class=\"boldCellInner\"><div class=\"boldRow \" ><div class=\"boldRowInner\"><div class=\"rowItem col-md-2  col-sm-4 col-ms-12 btTextLeft animate animate-fadein inherit\"  data-width=\"2\"><div class=\"rowItemContent\" ><div class=\"btIconImageRow\" ><div class=\"bpgPhoto  btCircleImage\" ><div class=\"btImage\"><img decoding=\"async\" src=\"https:\/\/www.demenzkongress.com\/wp-content\/uploads\/2024\/11\/Franz_Schweidler_Demenzkongress-320x320.jpg\" alt=\"https:\/\/www.demenzkongress.com\/wp-content\/uploads\/2024\/11\/Franz_Schweidler_Demenzkongress-320x320.jpg\"><\/div><\/div><\/div><\/div><\/div><div class=\"rowItem col-md-8 col-ms-12 btTextLeft inherit\"  data-width=\"8\"><div class=\"rowItemContent\" ><header class=\"header btClear extralarge btDash bottomDash\" ><div class=\"dash\"><h1><span class=\"headline\">Franz <b class=\"animate\">Schweidler<\/b><\/span><\/h1><\/div><\/header><div class=\"btClear btSeparator topSmallSpaced noBorder\" ><hr><\/div><header class=\"header btClear small btDash bottomDash\" ><div class=\"dash\"><h4><span class=\"headline\">Biografija<\/span><\/h4><\/div><\/header><div class=\"btClear btSeparator topSemiSpaced noBorder\" ><hr><\/div><div class=\"btText\" ><h6>Poklicni podatki in izobrazba<\/h6>\n<p><span style=\"font-weight: 400;\">Franz Schweidler je strokovni predavatelj in poslovni svetovalec za dostopnost. Njegove strokovne teme vklju\u010dujejo komunikacijo (osnove in specializirane teme, kot so delo s svojci, konflikti in spo\u0161tljiva komunikacija). V posebnih seminarjih ponuja \u201e\u010dasovno potovanje v starost\u201c, ki omogo\u010da do\u017eivljanje fiziolo\u0161kih sprememb in s tem povezanih sprememb potreb ljudi v pozni odraslosti.<\/span><\/p>\n<\/div><\/div><\/div><div class=\"rowItem col-md-2  col-sm-4 col-ms-12 btTextLeft animate animate-fadein animate-moveup inherit\"  data-width=\"2\"><div class=\"rowItemContent\" ><\/div><\/div><\/div><\/div><\/div><\/div><\/div><\/section><\/div>","protected":false},"excerpt":{"rendered":"","protected":false},"author":8,"featured_media":0,"parent":6251,"menu_order":0,"comment_status":"closed","ping_status":"closed","template":"","meta":{"footnotes":""},"class_list":["post-6263","page","type-page","status-publish","hentry"],"yoast_head":"<!-- This site is optimized with the Yoast SEO plugin v26.8 - https:\/\/yoast.com\/product\/yoast-seo-wordpress\/ -->\n<title>Franz Schweidler - Alpen Adria Demenzkongress<\/title>\n<meta name=\"robots\" content=\"index, follow, max-snippet:-1, max-image-preview:large, max-video-preview:-1\" \/>\n<link rel=\"canonical\" href=\"https:\/\/www.demenzkongress.com\/sl\/referenten-pflege-2025\/franz-schweidler\/\" \/>\n<meta property=\"og:locale\" content=\"sl_SI\" \/>\n<meta property=\"og:type\" content=\"article\" \/>\n<meta property=\"og:title\" content=\"Franz Schweidler - Alpen Adria Demenzkongress\" \/>\n<meta property=\"og:url\" content=\"https:\/\/www.demenzkongress.com\/sl\/referenten-pflege-2025\/franz-schweidler\/\" \/>\n<meta property=\"og:site_name\" content=\"Alpen Adria Demenzkongress\" \/>\n<meta property=\"article:modified_time\" content=\"2025-02-17T14:55:49+00:00\" \/>\n<meta name=\"twitter:card\" content=\"summary_large_image\" \/>\n<meta name=\"twitter:label1\" content=\"Est. reading time\" \/>\n\t<meta name=\"twitter:data1\" content=\"2 minuti\" \/>\n<script type=\"application\/ld+json\" class=\"yoast-schema-graph\">{\"@context\":\"https:\/\/schema.org\",\"@graph\":[{\"@type\":\"WebPage\",\"@id\":\"https:\/\/www.demenzkongress.com\/sl\/referenten-pflege-2025\/franz-schweidler\/\",\"url\":\"https:\/\/www.demenzkongress.com\/sl\/referenten-pflege-2025\/franz-schweidler\/\",\"name\":\"Franz Schweidler - Alpen Adria Demenzkongress\",\"isPartOf\":{\"@id\":\"https:\/\/www.demenzkongress.com\/sl\/#website\"},\"datePublished\":\"2024-11-19T11:54:47+00:00\",\"dateModified\":\"2025-02-17T14:55:49+00:00\",\"breadcrumb\":{\"@id\":\"https:\/\/www.demenzkongress.com\/sl\/referenten-pflege-2025\/franz-schweidler\/#breadcrumb\"},\"inLanguage\":\"sl-SI\",\"potentialAction\":[{\"@type\":\"ReadAction\",\"target\":[\"https:\/\/www.demenzkongress.com\/sl\/referenten-pflege-2025\/franz-schweidler\/\"]}]},{\"@type\":\"BreadcrumbList\",\"@id\":\"https:\/\/www.demenzkongress.com\/sl\/referenten-pflege-2025\/franz-schweidler\/#breadcrumb\",\"itemListElement\":[{\"@type\":\"ListItem\",\"position\":1,\"name\":\"Home\",\"item\":\"https:\/\/www.demenzkongress.com\/sl\/\"},{\"@type\":\"ListItem\",\"position\":2,\"name\":\"Predavatelji 2025 \u2013 Nega\",\"item\":\"https:\/\/www.demenzkongress.com\/sl\/referenten-pflege-2025\/\"},{\"@type\":\"ListItem\",\"position\":3,\"name\":\"Franz Schweidler\"}]},{\"@type\":\"WebSite\",\"@id\":\"https:\/\/www.demenzkongress.com\/sl\/#website\",\"url\":\"https:\/\/www.demenzkongress.com\/sl\/\",\"name\":\"Alpen Adria Demenzkongress\",\"description\":\"\",\"publisher\":{\"@id\":\"https:\/\/www.demenzkongress.com\/sl\/#organization\"},\"potentialAction\":[{\"@type\":\"SearchAction\",\"target\":{\"@type\":\"EntryPoint\",\"urlTemplate\":\"https:\/\/www.demenzkongress.com\/sl\/?s={search_term_string}\"},\"query-input\":{\"@type\":\"PropertyValueSpecification\",\"valueRequired\":true,\"valueName\":\"search_term_string\"}}],\"inLanguage\":\"sl-SI\"},{\"@type\":\"Organization\",\"@id\":\"https:\/\/www.demenzkongress.com\/sl\/#organization\",\"name\":\"Alpen Adria Demenkongress\",\"url\":\"https:\/\/www.demenzkongress.com\/sl\/\",\"logo\":{\"@type\":\"ImageObject\",\"inLanguage\":\"sl-SI\",\"@id\":\"https:\/\/www.demenzkongress.com\/sl\/#\/schema\/logo\/image\/\",\"url\":\"https:\/\/www.demenzkongress.com\/wp-content\/uploads\/2018\/07\/tickera_logo.png\",\"contentUrl\":\"https:\/\/www.demenzkongress.com\/wp-content\/uploads\/2018\/07\/tickera_logo.png\",\"width\":392,\"height\":88,\"caption\":\"Alpen Adria Demenkongress\"},\"image\":{\"@id\":\"https:\/\/www.demenzkongress.com\/sl\/#\/schema\/logo\/image\/\"}}]}<\/script>\n<!-- \/ Yoast SEO plugin. -->","yoast_head_json":{"title":"Franz Schweidler - Alpen Adria Demenzkongress","robots":{"index":"index","follow":"follow","max-snippet":"max-snippet:-1","max-image-preview":"max-image-preview:large","max-video-preview":"max-video-preview:-1"},"canonical":"https:\/\/www.demenzkongress.com\/sl\/referenten-pflege-2025\/franz-schweidler\/","og_locale":"sl_SI","og_type":"article","og_title":"Franz Schweidler - Alpen Adria Demenzkongress","og_url":"https:\/\/www.demenzkongress.com\/sl\/referenten-pflege-2025\/franz-schweidler\/","og_site_name":"Alpen Adria Demenzkongress","article_modified_time":"2025-02-17T14:55:49+00:00","twitter_card":"summary_large_image","twitter_misc":{"Est. reading time":"2 minuti"},"schema":{"@context":"https:\/\/schema.org","@graph":[{"@type":"WebPage","@id":"https:\/\/www.demenzkongress.com\/sl\/referenten-pflege-2025\/franz-schweidler\/","url":"https:\/\/www.demenzkongress.com\/sl\/referenten-pflege-2025\/franz-schweidler\/","name":"Franz Schweidler - Alpen Adria Demenzkongress","isPartOf":{"@id":"https:\/\/www.demenzkongress.com\/sl\/#website"},"datePublished":"2024-11-19T11:54:47+00:00","dateModified":"2025-02-17T14:55:49+00:00","breadcrumb":{"@id":"https:\/\/www.demenzkongress.com\/sl\/referenten-pflege-2025\/franz-schweidler\/#breadcrumb"},"inLanguage":"sl-SI","potentialAction":[{"@type":"ReadAction","target":["https:\/\/www.demenzkongress.com\/sl\/referenten-pflege-2025\/franz-schweidler\/"]}]},{"@type":"BreadcrumbList","@id":"https:\/\/www.demenzkongress.com\/sl\/referenten-pflege-2025\/franz-schweidler\/#breadcrumb","itemListElement":[{"@type":"ListItem","position":1,"name":"Home","item":"https:\/\/www.demenzkongress.com\/sl\/"},{"@type":"ListItem","position":2,"name":"Predavatelji 2025 \u2013 Nega","item":"https:\/\/www.demenzkongress.com\/sl\/referenten-pflege-2025\/"},{"@type":"ListItem","position":3,"name":"Franz Schweidler"}]},{"@type":"WebSite","@id":"https:\/\/www.demenzkongress.com\/sl\/#website","url":"https:\/\/www.demenzkongress.com\/sl\/","name":"Alpen Adria Demenzkongress","description":"","publisher":{"@id":"https:\/\/www.demenzkongress.com\/sl\/#organization"},"potentialAction":[{"@type":"SearchAction","target":{"@type":"EntryPoint","urlTemplate":"https:\/\/www.demenzkongress.com\/sl\/?s={search_term_string}"},"query-input":{"@type":"PropertyValueSpecification","valueRequired":true,"valueName":"search_term_string"}}],"inLanguage":"sl-SI"},{"@type":"Organization","@id":"https:\/\/www.demenzkongress.com\/sl\/#organization","name":"Alpen Adria Demenkongress","url":"https:\/\/www.demenzkongress.com\/sl\/","logo":{"@type":"ImageObject","inLanguage":"sl-SI","@id":"https:\/\/www.demenzkongress.com\/sl\/#\/schema\/logo\/image\/","url":"https:\/\/www.demenzkongress.com\/wp-content\/uploads\/2018\/07\/tickera_logo.png","contentUrl":"https:\/\/www.demenzkongress.com\/wp-content\/uploads\/2018\/07\/tickera_logo.png","width":392,"height":88,"caption":"Alpen Adria Demenkongress"},"image":{"@id":"https:\/\/www.demenzkongress.com\/sl\/#\/schema\/logo\/image\/"}}]}},"_links":{"self":[{"href":"https:\/\/www.demenzkongress.com\/sl\/wp-json\/wp\/v2\/pages\/6263","targetHints":{"allow":["GET"]}}],"collection":[{"href":"https:\/\/www.demenzkongress.com\/sl\/wp-json\/wp\/v2\/pages"}],"about":[{"href":"https:\/\/www.demenzkongress.com\/sl\/wp-json\/wp\/v2\/types\/page"}],"author":[{"embeddable":true,"href":"https:\/\/www.demenzkongress.com\/sl\/wp-json\/wp\/v2\/users\/8"}],"replies":[{"embeddable":true,"href":"https:\/\/www.demenzkongress.com\/sl\/wp-json\/wp\/v2\/comments?post=6263"}],"version-history":[{"count":2,"href":"https:\/\/www.demenzkongress.com\/sl\/wp-json\/wp\/v2\/pages\/6263\/revisions"}],"predecessor-version":[{"id":6269,"href":"https:\/\/www.demenzkongress.com\/sl\/wp-json\/wp\/v2\/pages\/6263\/revisions\/6269"}],"up":[{"embeddable":true,"href":"https:\/\/www.demenzkongress.com\/sl\/wp-json\/wp\/v2\/pages\/6251"}],"wp:attachment":[{"href":"https:\/\/www.demenzkongress.com\/sl\/wp-json\/wp\/v2\/media?parent=6263"}],"curies":[{"name":"wp","href":"https:\/\/api.w.org\/{rel}","templated":true}]}}

<div class="bt_rc_container"><section id="bt_section69f4d3d30ac8c" data-parallax="0.1" data-parallax-offset="0" class="boldSection topExtraSpaced bottomSpaced btDarkSkin gutter btBottomVertical btParallax wBackground cover" style="background-image:url('https://www.demenzkongress.com/wp-content/uploads/2024/11/Alpen-Adria-Demenzkongress-2025-Weiterbildungen-Pflege-Aerzte.jpg');"><div class="port"><div class="boldCell"><div class="boldCellInner"><div class="boldRow " ><div class="boldRowInner"><div class="rowItem col-md-12 col-ms-12  btTextLeft inherit"  data-width="12"><div class="rowItemContent" ><header class="header btClear large btDash bottomDash" ><div class="btSuperTitle">CONGRESS CENTER VILLACH</div><div class="dash"><h2><span class="headline"><b class="animate">2</b> dni / <b class="animate">21</b> predavanj / <b class="animate">8</b> delavnic<br>Vrhunski govorci s področja medicine,<br>nege in družbe</span></h2></div><div class="btSubTitle">28. in 29. marec 2025</div></header></div></div></div></div></div></div></div></section><section id="bt_section69f4d3d30b179"  class="boldSection topSpaced bottomSpaced gutter inherit" ><div class="port"><div class="boldCell"><div class="boldCellInner"><div class="boldRow " ><div class="boldRowInner"><div class="rowItem col-md-2  col-sm-4 col-ms-12 btTextLeft animate animate-fadein inherit"  data-width="2"><div class="rowItemContent" ><div class="btIconImageRow" ><div class="bpgPhoto  btCircleImage" ><div class="btImage"><img decoding="async" src="https://www.demenzkongress.com/wp-content/uploads/2024/11/Franz_Schweidler_Demenzkongress-320x320.jpg" alt="https://www.demenzkongress.com/wp-content/uploads/2024/11/Franz_Schweidler_Demenzkongress-320x320.jpg"></div></div></div></div></div><div class="rowItem col-md-8 col-ms-12 btTextLeft inherit"  data-width="8"><div class="rowItemContent" ><header class="header btClear extralarge btDash bottomDash" ><div class="dash"><h1><span class="headline">Franz <b class="animate">Schweidler</b></span></h1></div></header><div class="btClear btSeparator topSmallSpaced noBorder" ><hr></div><header class="header btClear small btDash bottomDash" ><div class="dash"><h4><span class="headline">Biografija</span></h4></div></header><div class="btClear btSeparator topSemiSpaced noBorder" ><hr></div><div class="btText" ><h6>Poklicni podatki in izobrazba</h6>
<p><span style="font-weight: 400;">Franz Schweidler je strokovni predavatelj in poslovni svetovalec za dostopnost. Njegove strokovne teme vključujejo komunikacijo (osnove in specializirane teme, kot so delo s svojci, konflikti in spoštljiva komunikacija). V posebnih seminarjih ponuja „časovno potovanje v starost“, ki omogoča doživljanje fizioloških sprememb in s tem povezanih sprememb potreb ljudi v pozni odraslosti.</span></p>
</div></div></div><div class="rowItem col-md-2  col-sm-4 col-ms-12 btTextLeft animate animate-fadein animate-moveup inherit"  data-width="2"><div class="rowItemContent" ></div></div></div></div></div></div></div></section></div>
